{"id":1943,"date":"2021-02-24T12:15:00","date_gmt":"2021-02-24T10:15:00","guid":{"rendered":"https:\/\/justsport.springer.schule\/?post_type=product&#038;p=1943"},"modified":"2024-05-15T11:42:13","modified_gmt":"2024-05-15T09:42:13","slug":"kindercapi","status":"publish","type":"product","link":"https:\/\/justsport.springer.schule\/?product=kindercapi","title":{"rendered":"Kindercapi"},"content":{"rendered":"<p>Als Kind kamen einem die Sommertage doch endlos vor, oder? Diese Kappe sorgt f\u00fcr ein Feeling wie in den alten Tagen. Durch die individualisierbare Passform unserer Cap kann diese jeder tragen. Sie ist schlicht, einfach und erf\u00fcllt dennoch ihren Zweck, und dennoch bringt der feste Schirm einen Schutz bei direkter Sonnenstrahlung. Mit dieser Kappe kann man einfach nichts falsch machen.<\/p>\n<p>Der leicht wasserabweisende Stoff h\u00e4lt bei leichten bis m\u00e4\u00dfigen Regenf\u00e4llen deine Haare trocken.<\/p>\n<p>&nbsp;<\/p>\n","protected":false},"excerpt":{"rendered":"<p>Eine schlicht und doch bunte Kappe f\u00fcr jederman.<\/p>\n","protected":false},"featured_media":3631,"comment_status":"open","ping_status":"closed","template":"","meta":[],"product_brand":[],"product_cat":[42],"product_tag":[130,144,145,146,147,44],"class_list":{"0":"post-1943","1":"product","2":"type-product","3":"status-publish","4":"has-post-thumbnail","6":"product_cat-sportbekleidung","7":"product_tag-bunt","8":"product_tag-cap","9":"product_tag-hut","10":"product_tag-kaputze","11":"product_tag-muetze","12":"product_tag-schwarz","13":"pa_groesse-bekleidung-l","14":"pa_groesse-bekleidung-m","15":"pa_groesse-bekleidung-s","16":"pa_groesse-bekleidung-xl","17":"pa_groesse-bekleidung-xs","18":"pa_groesse-bekleidung-xxl","20":"first","21":"instock","22":"taxable","23":"shipping-taxable","24":"purchasable","25":"product-type-variable"},"_links":{"self":[{"href":"https:\/\/justsport.springer.schule\/index.php?rest_route=\/wp\/v2\/product\/1943","targetHints":{"allow":["GET"]}}],"collection":[{"href":"https:\/\/justsport.springer.schule\/index.php?rest_route=\/wp\/v2\/product"}],"about":[{"href":"https:\/\/justsport.springer.schule\/index.php?rest_route=\/wp\/v2\/types\/product"}],"replies":[{"embeddable":true,"href":"https:\/\/justsport.springer.schule\/index.php?rest_route=%2Fwp%2Fv2%2Fcomments&post=1943"}],"wp:featuredmedia":[{"embeddable":true,"href":"https:\/\/justsport.springer.schule\/index.php?rest_route=\/wp\/v2\/media\/3631"}],"wp:attachment":[{"href":"https:\/\/justsport.springer.schule\/index.php?rest_route=%2Fwp%2Fv2%2Fmedia&parent=1943"}],"wp:term":[{"taxonomy":"product_brand","embeddable":true,"href":"https:\/\/justsport.springer.schule\/index.php?rest_route=%2Fwp%2Fv2%2Fproduct_brand&post=1943"},{"taxonomy":"product_cat","embeddable":true,"href":"https:\/\/justsport.springer.schule\/index.php?rest_route=%2Fwp%2Fv2%2Fproduct_cat&post=1943"},{"taxonomy":"product_tag","embeddable":true,"href":"https:\/\/justsport.springer.schule\/index.php?rest_route=%2Fwp%2Fv2%2Fproduct_tag&post=1943"}],"curies":[{"name":"wp","href":"https:\/\/api.w.org\/{rel}","templated":true}]}}