{"id":76,"date":"2014-10-21T19:53:24","date_gmt":"2014-10-21T17:53:24","guid":{"rendered":"http:\/\/justsport.springer-uefa.de\/?page_id=76"},"modified":"2018-11-25T10:50:21","modified_gmt":"2018-11-25T08:50:21","slug":"partner","status":"publish","type":"page","link":"https:\/\/justsport.springer.schule\/?page_id=76","title":{"rendered":"Partner"},"content":{"rendered":"<p><span style=\"color: #000000\"><strong>Unsere Patenfirma<\/strong><\/span><\/p>\n<p>Derzeit steht uns leider keine Patenfirma zu Verf\u00fcgung. Vielleicht f\u00fchlen Sie sich angesprochen?<\/p>\n<p><span style=\"color: #000000\"><strong>Aufgabe einer Patenfirma<\/strong><\/span><\/p>\n<p>Eine Patenfirma ist ein real existierendes Unternehmen, das uns in unserer Arbeit unterst\u00fctzt. Sie bietet die M\u00f6glichkeit f\u00fcr die Sch\u00fclerinnen und Sch\u00fcler einen Einblick in ein Unternehmen zu bekommen (z. B. durch einen Besuch der Patenfirma). Zudem ben\u00f6tigt eine \u00dcbungsfirma f\u00fcr Messen einige Ausstellungsgegenst\u00e4nde, Plakate oder Schaufensterpuppen (in Form einer Leihgabe). Geldspenden sind nicht vorgesehen.<\/p>\n<p><span style=\"color: #000000\"><strong>Nutzen f\u00fcr die Patenfirma<\/strong><\/span><\/p>\n<p>Durch die \u00dcbernahme einer Patenschaft engagieren Sie sich im Bereich der beruflichen Bildung. Sie werden offizieller Partner unserer Schule. Dies hat gegen\u00fcber den Eltern, Sch\u00fclern, Ausbildungsbetrieben und Lehrkr\u00e4ften einen positiven Aspekt. Diese Gruppen k\u00f6nnen auch Ihre Kunden sein. Weithin haben Sie die M\u00f6glichkeit unsere Sch\u00fclerinnen und Sch\u00fcler kennen zu lernen. Die Absolventen des Berufskollegs \u00dcbungsfirma suchen h\u00e4ufig einen geeigneten Ausbildungsplatz. Durch die Patenschaft k\u00f6nnen Sie schon heute Kontakte nach leistungsf\u00e4higen und passenden Kandidaten Ausschau halten.<\/p>\n<p>Sofern Sie Interesse haben, schreiben Sie uns eine Mail an<\/p>\n<p><a href=\"mailto:just-sport-gmbh@zuef.de\">just-sport-gmbh@zuef.de<\/a><\/p>\n<p><em>Wir freuen uns auf Ihre R\u00fcckmeldung!<\/em><\/p>\n","protected":false},"excerpt":{"rendered":"<p>Unsere Patenfirma Derzeit steht uns leider keine Patenfirma zu Verf\u00fcgung. Vielleicht f\u00fchlen Sie sich angesprochen? Aufgabe einer Patenfirma Eine Patenfirma ist ein real existierendes Unternehmen, das uns in unserer Arbeit unterst\u00fctzt. Sie bietet die M\u00f6glichkeit f\u00fcr die Sch\u00fclerinnen und Sch\u00fcler einen Einblick in ein Unternehmen zu bekommen (z. B. durch einen Besuch der Patenfirma). Zudem [&hellip;]<\/p>\n","protected":false},"author":15,"featured_media":0,"parent":0,"menu_order":7,"comment_status":"closed","ping_status":"closed","template":"","meta":{"footnotes":""},"class_list":["post-76","page","type-page","status-publish","hentry"],"_links":{"self":[{"href":"https:\/\/justsport.springer.schule\/index.php?rest_route=\/wp\/v2\/pages\/76","targetHints":{"allow":["GET"]}}],"collection":[{"href":"https:\/\/justsport.springer.schule\/index.php?rest_route=\/wp\/v2\/pages"}],"about":[{"href":"https:\/\/justsport.springer.schule\/index.php?rest_route=\/wp\/v2\/types\/page"}],"author":[{"embeddable":true,"href":"https:\/\/justsport.springer.schule\/index.php?rest_route=\/wp\/v2\/users\/15"}],"replies":[{"embeddable":true,"href":"https:\/\/justsport.springer.schule\/index.php?rest_route=%2Fwp%2Fv2%2Fcomments&post=76"}],"version-history":[{"count":5,"href":"https:\/\/justsport.springer.schule\/index.php?rest_route=\/wp\/v2\/pages\/76\/revisions"}],"predecessor-version":[{"id":1458,"href":"https:\/\/justsport.springer.schule\/index.php?rest_route=\/wp\/v2\/pages\/76\/revisions\/1458"}],"wp:attachment":[{"href":"https:\/\/justsport.springer.schule\/index.php?rest_route=%2Fwp%2Fv2%2Fmedia&parent=76"}],"curies":[{"name":"wp","href":"https:\/\/api.w.org\/{rel}","templated":true}]}}