{"id":316,"date":"2015-03-11T11:12:22","date_gmt":"2015-03-11T09:12:22","guid":{"rendered":"http:\/\/justsport.springer-uefa.de\/?page_id=316"},"modified":"2025-06-04T10:46:52","modified_gmt":"2025-06-04T08:46:52","slug":"willkommen","status":"publish","type":"page","link":"https:\/\/justsport.springer.schule\/","title":{"rendered":""},"content":{"rendered":"\n<figure class=\"wp-block-image size-large is-resized\"><a href=\"https:\/\/justsport.springer.schule\/wp-content\/uploads\/2022\/04\/Logo_JS_blau_transparent.png\"><img loading=\"lazy\" decoding=\"async\" width=\"1024\" height=\"301\" src=\"https:\/\/justsport.springer.schule\/wp-content\/uploads\/2022\/04\/Logo_JS_blau_transparent-1024x301.png\" alt=\"\" class=\"wp-image-3074\" style=\"width:468px;height:138px\" srcset=\"https:\/\/justsport.springer.schule\/wp-content\/uploads\/2022\/04\/Logo_JS_blau_transparent-1024x301.png 1024w, https:\/\/justsport.springer.schule\/wp-content\/uploads\/2022\/04\/Logo_JS_blau_transparent-300x88.png 300w, https:\/\/justsport.springer.schule\/wp-content\/uploads\/2022\/04\/Logo_JS_blau_transparent-768x226.png 768w, https:\/\/justsport.springer.schule\/wp-content\/uploads\/2022\/04\/Logo_JS_blau_transparent-416x122.png 416w, https:\/\/justsport.springer.schule\/wp-content\/uploads\/2022\/04\/Logo_JS_blau_transparent.png 1181w\" sizes=\"auto, (max-width: 1024px) 100vw, 1024px\" \/><\/a><\/figure>\n\n\n\n<p><\/p>\n\n\n\n<p><\/p>\n\n\n\n<p><\/p>\n\n\n<h2 style=\"text-align: left\"><strong>Willkommen zum Webauftritt unserer \u00dcbungsfirma<\/strong><\/h2>\n<iframe loading=\"lazy\" title=\"Begr\u00fc\u00dfungsvideoE-Shop\" width=\"560\" height=\"315\" src=\"https:\/\/video.springer.schule\/videos\/embed\/5kCRq5AgDvPX28GviYu6aU\" frameborder=\"0\" allowfullscreen=\"\" sandbox=\"allow-same-origin allow-scripts allow-popups allow-forms\"><\/iframe>\n\n\n<p><strong>ACHTUNG<\/strong>: Die hier vorliegenden Angebote sind ausschlie\u00dflich f\u00fcr Gesch\u00e4fte innerhalb des \u00dcbungsfirmenrings der Zuef bestimmt. Alle von uns angebotenen Waren und Dienstleistungen besitzen einen fiktiven Charakter. Die angebotenen Produkte dienen lediglich zu Schulungszwecken. Es erfolgt keine tats\u00e4chliche Auslieferung der Waren. Weitere Informationen zur Arbeit im deutschen \u00dcbungsfirmenring entnehmen Sie bitte den Webseiten unter <a href=\"http:\/\/www.die-zentralstelle.de\/\">http:\/\/www.die-zentralstelle.de\/<\/a><\/p>\n\n\n\n<p>Zus\u00e4tzlich verweisen wir hier ausdr\u00fccklich auf unsere <a href=\"https:\/\/justsport.springer.schule\/?page_id=1576\">Datenschutzerkl\u00e4rung<\/a> sowie unser <a href=\"https:\/\/justsport.springer.schule\/?page_id=73\">Impressum<\/a>. Die hier simulierten Gesch\u00e4fte unterliegen unseren <a href=\"https:\/\/justsport.springer.schule\/?page_id=329\">AGB<\/a>.<\/p>\n\n<iframe loading=\"lazy\" title=\"Just Sport Booster Werbevideo\" width=\"560\" height=\"315\" src=\"https:\/\/video.springer.schule\/videos\/embed\/muLCNfiUwX3yYxCfZL2LV4\" frameborder=\"0\" allowfullscreen=\"\" sandbox=\"allow-same-origin allow-scripts allow-popups allow-forms\"><\/iframe>\n\n<p><\/p>\n","protected":false},"excerpt":{"rendered":"<p>Willkommen zum Webauftritt unserer \u00dcbungsfirma ACHTUNG: Die hier vorliegenden Angebote sind ausschlie\u00dflich f\u00fcr Gesch\u00e4fte innerhalb des \u00dcbungsfirmenrings der Zuef bestimmt. Alle von uns angebotenen Waren und Dienstleistungen besitzen einen fiktiven Charakter. Die angebotenen Produkte dienen lediglich zu Schulungszwecken. Es erfolgt keine tats\u00e4chliche Auslieferung der Waren. Weitere Informationen zur Arbeit im deutschen \u00dcbungsfirmenring entnehmen Sie bitte [&hellip;]<\/p>\n","protected":false},"author":15,"featured_media":0,"parent":0,"menu_order":0,"comment_status":"closed","ping_status":"closed","template":"","meta":{"footnotes":""},"class_list":["post-316","page","type-page","status-publish","hentry"],"_links":{"self":[{"href":"https:\/\/justsport.springer.schule\/index.php?rest_route=\/wp\/v2\/pages\/316","targetHints":{"allow":["GET"]}}],"collection":[{"href":"https:\/\/justsport.springer.schule\/index.php?rest_route=\/wp\/v2\/pages"}],"about":[{"href":"https:\/\/justsport.springer.schule\/index.php?rest_route=\/wp\/v2\/types\/page"}],"author":[{"embeddable":true,"href":"https:\/\/justsport.springer.schule\/index.php?rest_route=\/wp\/v2\/users\/15"}],"replies":[{"embeddable":true,"href":"https:\/\/justsport.springer.schule\/index.php?rest_route=%2Fwp%2Fv2%2Fcomments&post=316"}],"version-history":[{"count":44,"href":"https:\/\/justsport.springer.schule\/index.php?rest_route=\/wp\/v2\/pages\/316\/revisions"}],"predecessor-version":[{"id":3759,"href":"https:\/\/justsport.springer.schule\/index.php?rest_route=\/wp\/v2\/pages\/316\/revisions\/3759"}],"wp:attachment":[{"href":"https:\/\/justsport.springer.schule\/index.php?rest_route=%2Fwp%2Fv2%2Fmedia&parent=316"}],"curies":[{"name":"wp","href":"https:\/\/api.w.org\/{rel}","templated":true}]}}